ue
Let z = -1342 + 1977. Is z prime?
False
Suppose -4*n = -4*p - 1276, 74 = n - 3*p - 249. Is n a composite number?
False
Let s = 790 - 383. Is s a prime number?
False
Let w = -373 - -624. Is w a prime number?
True
Suppose -453 + 69 = 3*m. Is 1*(-3)/3 - m a composite number?
False
Suppose 6*h - 3*a + 9 = 3*h, 3*h + 2*a = 6. Suppose h = -3*d - 0*d + 195. Is d a prime number?
False
Let v be 6152/16 - (-1)/2. Let r = 854 - v. Is r prime?
False
Let g(d) = 4*d + 9. Let t(a) = -5*a - 10. Let q(w) = -4*g(w) - 3*t(w). Let x be q(-6). Suppose x = -0*o + 2*o - 18. Is o a composite number?
True
Let m(g) = -g**2 + 6*g + 4. Let v be m(6). Suppose h - v*h = -237. Is h prime?
True
Suppose 5*i - 976 = 679. Is i composite?
False
Let b = -286 + 563. Let c = b + -120. Is c prime?
True
Suppose -3182 - 11706 = -8*h. Is h a composite number?
False
Let c be -10*(-2)/(4/10). Suppose -3*d + c = -d. Is d prime?
False
Let l be 3/2*88/(-6). Is (l/(-6))/(4/12) a prime number?
True
Let r = 448 - -441. Is r prime?
False
Is 3 - 3 - 0 - -545 prime?
False
Suppose -4*w + 7*w = -165. Is 22/w + 894/10 a prime number?
True
Let a(n) = 2*n + 1 + n + n. Is a(8) composite?
True
Let h = -68 - -335. Let x = h + -86. Is x composite?
False
Suppose -2 = -m - 0. Suppose 5*h + 7*q - 3*q - 176 = 0, -m*q = 4*h - 142. Let c = h + -13. Is c a prime number?
True
Suppose -2*a - 949 = -5*q, a = -3*a + 12. Is q prime?
True
Let x be (-53)/5 - (-8)/(-20). Let s = -24 + x. Let h = s - -192. Is h prime?
True
Suppose 2*k - k = 0. Suppose -2*p + 46 = 5*b, 3*p - 6*b + 4*b - 69 = k. Is p composite?
False
Suppose -2*p = p - 12. Is ((-19)/p)/(4/(-16)) prime?
True
Let g(p) = p**2 + p + 1190. Let h be g(0). Suppose 5*m = -5*a + h, -3*a = -m - m + 471. Is m composite?
True
Let i = -67 + 282. Is i/10 - (-1)/(-2) composite?
True
Suppose k + 2*k - 183 = 0. Suppose -w - 13 = -0*a - 2*a, -k = 4*w + a. Let t = 22 - w. Is t a composite number?
False
Let d = 4 - 4. Suppose d*a = -4*a + 148. Is a composite?
False
Let w be 28/(-8) - (-3)/6. Let s be (w/(9/12))/(-2). Suppose -2*o = -s*t + 324, 3*t + 7*o - 446 = 2*o. Is t composite?
False
Let v(h) = 7*h**2 - 13*h - 7. Let z(u) = 20*u**2 - 38*u - 22. Let x(g) = -17*v(g) + 6*z(g). Is x(11) a prime number?
True
Let g = 258 - -188. Is g prime?
False
Suppose 4*a + 0*a = -20. Let d = 1 - a. Is (d/15)/((-3)/(-15)) composite?
False
Let a be 0/2 + 1 + 3. Suppose -2*i + 4*k + 406 = 0, k + 3*k + a = 0. Is i a composite number?
True
Let z be (-27)/(-9) + (-94)/(-2). Let o = z + -4. Is o a prime number?
False
Let j(p) = -p**3 + 6*p**2 - p + 8. Let b be j(6). Suppose 0 = -b*l + 3*a + 5, -2*l + 65 = 2*l + 5*a. Is l prime?
False
Suppose 5*x - 396 = -m, 2*x - 1908 = -5*m + x. Is m a composite number?
True
Let a(v) = 5*v**2 + 13*v + 27. Let g(d) = -3*d**2 - 9*d - 18. Let m(s) = 5*a(s) + 7*g(s). Is m(-7) composite?
False
Let b(w) = 5*w**2 - 12*w + 11. Is b(-10) prime?
True
Let u = 10 - 2. Let n = 10 - u. Is n prime?
True
Let o = 4 - -1. Suppose 5*w + 4*n = 301, -w + o*w - 248 = 4*n. Suppose -w = -2*d + 9. Is d a prime number?
False
Suppose -21*o + 22*o = 413. Is o composite?
True
Let u(w) = w**3 - w**2 + w - 2. Let s be u(2). Suppose 932 = s*k - 240. Is k composite?
False
Let k(b) = -5 - 4 - 5*b + b + 0*b. Is k(-7) prime?
True
Is 6/(-24) - (-3594)/8 a prime number?
True
Let k(u) = -u + 4. Let b be k(3). Is (1/(-1))/b*-113 prime?
True
Let b = -22 + 32. Is 453/5 + 4/b composite?
True
Let w(y) = -101*y - 32. Is w(-9) prime?
True
Let b = -359 - -688. Let v = b + 78. Is v a composite number?
True
Let p(k) = k**2 - 9*k + 10. Let z be p(8). Is (-1)/(z + (-95)/47) a composite number?
False
Is 1978 - ((-9)/(-3) - 7) a composite number?
True
Let j(p) = -3*p**3 - 7*p**2 + 18*p + 85. Is j(-6) composite?
False
Suppose 0 = -3*n - 2*n - 110. Let w = n - -25. Is w prime?
True
Is 126 - (-6)/(18/(-15)) composite?
True
Let w be -10 + 3 - 6/3. Let p(d) = -70*d - 17. Is p(w) prime?
True
Suppose -2*m + 1451 = m - 5*p, -5*m = 3*p - 2441. Is m a prime number?
True
Let t(o) = 2*o - 3. Suppose n = 2*j + 3*j + 18, 0 = 3*n + j - 6. Let z be t(n). Suppose 49 = 4*x - 3*p, -18 = -0*x - z*x - 4*p. Is x a prime number?
False
Let b = 1 + 2. Suppose k = -b, -m - m = 5*k - 47. Is m a prime number?
True
Let m(w) = w**3 - 16*w**2 - 2*w - 1. Is m(17) a composite number?
True
Suppose 0*h + 14*h - 4102 = 0. Is h a prime number?
True
Let h(s) = s**2 - 3*s - 7. Let z be h(5). Suppose l + 4 = -4*c, -3*c = -4*c + z*l - 14. Is (c - (2 - -3))*-1 composite?
False
Is 92 + 6/4*-2 a prime number?
True
Suppose q + 30 = 6*q. Let w(d) = -5*d - 9. Let r(p) = -2*p - 5. Let h(l) = 9*r(l) - 4*w(l). Is h(q) prime?
True
Suppose x - 3 = 1, -4*x + 16 = -2*u. Let d(t) = t**3 + t**2 + t + 35. Is d(u) a prime number?
False
Suppose 4*v = 4*z, 5*z + 2*v = -13 + 41. Suppose -29 = -2*b + 3*f, -z*b + f = 2*f - 37. Is b prime?
False
Suppose s - 428 = 65. Is s a composite number?
True
Let c be (-1)/(-3) + (-136)/(-6). Suppose -x + r + c = 0, -2*x - 2*x + 67 = r. Is 1/2*(x + 0) prime?
False
Suppose -5*v - 10014 = -4*x, 5*x + 2*v = 5*v + 12524. Suppose -k = k - x. Is k prime?
False
Suppose -w - 3 = -4. Let x = 6 + w. Is 13/(15/x - 2) a composite number?
True
Let j(y) = 12*y**3 - 10*y**2 + 15*y - 14. Is j(9) composite?
False
Let u be 13*-3*-1*1. Let n(s) = -2*s**3 - 4*s**2 - 2*s. Let f be n(-2). Suppose -p = -f*p + u. Is p a prime number?
True
Let n(r) = 2*r + 1. Let z be n(1). Suppose -3*o - o + 680 = 0. Is 3/9 + o/z a composite number?
True
Let q(h) = 2*h**2 + 2*h**2 - 8*h - 5*h**2 + 1 - 3. Let w be q(-7). Suppose i - 28 = -5*g, -w*i - 3*g + 15 + 59 = 0. Is i composite?
False
Let v be 1/(-2)*48/4. Is 14/21 + (-14)/v prime?
True
Suppose -16 = -4*s, 2*c + 2*c - 2*s = 23348. Is c composite?
False
Suppose -x + 4 = 1. Let z = -2 - -1. Is (-22)/(z/(x/2)) prime?
False
Suppose 0 = 3*i - x + 51, -3*x = 4*i + 2*x + 49. Let k = i - -29. Is k prime?
True
Let b(s) = s**2 - 1 - 2*s + 8*s**2 + 2*s**2. Let p be b(-1). Let f = 35 - p. Is f prime?
True
Is (8 - 9)*(-697 - 0) composite?
True
Suppose -5*h = -c - 1460, 6*c + 898 = 3*h + c. Is h a prime number?
False
Suppose 18*y - 16*y - 382 = 0. Is y a composite number?
False
Let j(g) = g**3 - 2. Let o be j(-4). Let i = o - -112. Is i a prime number?
False
Let q = 3 + 1. Suppose -181 - 391 = -q*i. Is i a composite number?
True
Suppose 0 = 2*c - 0*c - 12. Suppose 0*j + c = 2*j. Suppose -j*n + 2*r = -40, -44 = -3*n + 2*r - 4*r. Is n a composite number?
True
Suppose -w - j = -163, -27 - 128 = -w + j. Is w prime?
False
Let p = 27 - 11. Is (-257)/(-3) + p/(-24) a prime number?
False
Is 3427/9 - 14/(-63) a prime number?
False
Let v(f) = -2*f. Let d be v(2). Let a = 2 - d. Let l = 29 + a. Is l prime?
False
Let a(u) be the third derivative of 3*u**5/20 - u**4/24 + u**3/6 - 2*u**2. Suppose 5*z - 5*p - 15 = 0, z - 3*p - 5 = 2*z. Is a(z) a prime number?
False
Let t(g) = -g**3 + 5*g**2 + 7*g - 2. Let c be t(6). Suppose r = -4*s + 2*r - 8, 8 = -c*s - 2*r. Is s/8 - 122/(-8) a prime number?
False
Let i be (93/6)/((-1)/(-14)). Suppose -5*y + 0*y = 4*h - 441, y + i = 2*h. Is h prime?
True
Let k(m) = 6*m**2 + 2*m + 1. Let s be k(-1). Let u(y) = -4*y**3 - 4*y**2 - 2*y - 3. Let j be u(-3). Suppose 5*d + 208 = 4*w, -5*w = s*d - 140 - j. Is w prime?
True
Let s(c) = 40*c - 1. Is s(6) composite?
False
Let z(g) = g**3 - 6*g**2 + 6*g - 5. Let j be z(5). Suppose -x + 5*s + 70 = -j*x, x = 4*s + 65. Suppose 5*t = -4*h + 60, 0 = -2*h - h - 4*t + x. Is h prime?
False
Let w(f) = 270*f + 21. Is w(3) prime?
False
Let q = -2 - -6. Suppose h - 5*f - 59 = -16, -h + q*f + 42 = 0. Is h a prime number?
False
Is (-8)/(-12) + 1279/3 prime?
False
Let f(l) = 2*l - 21*l - 1 + 7. Let v be f(-8). Suppose -v = -5*b + 107. Is b prime?
True
Let n = -1976 - -2767. Is n composite?
True
Let x = 457 + 100. Is x prime?
True
Suppose -17 = -3*b - 8. Let w(y) = -y**2 + 3. Let d be w(b). Is 4/6 - 218/d a composite number?
False
Suppose 0 = -2*b - 0*b + 336. Let l be 1/(-2 + 333/b). Let j = 23 - l. Is j composite?
False
Let c = -8 + 12. Suppose 13 = o + a, -o - 7 = -c*a - 25. Is o a composite number?
True
Suppose r - 184 = 5*q, 2*r + 4*q - 396 = -0*q. Let g = 351 - r. Suppose 0 = -2*p + 4*n - n + g, -2*p - n + 177 = 0. Is p prime?
False
Let m(i) = 89*i**2 + 2*i + 3. Let j be m(-2). Suppos